{"id":237,"date":"2023-11-04T11:47:33","date_gmt":"2023-11-04T11:47:33","guid":{"rendered":"https:\/\/dialog.bielsko.pl\/?page_id=237"},"modified":"2023-11-04T11:47:33","modified_gmt":"2023-11-04T11:47:33","slug":"opinie","status":"publish","type":"page","link":"https:\/\/dialog.bielsko.pl\/index.php\/opinie\/","title":{"rendered":"Opinie"},"content":{"rendered":"<p>Na terapi\u0119 ucz\u0119szcza\u0142am przez 1,5 roku.<br \/>\nPani Kasia \u00a0prowadz\u0105c terapi\u0119 tworzy atmosfer\u0119 spokoju, empatii, zaufania i bezpiecze\u0144stwa.<br \/>\nWykazuje si\u0119 ona du\u017c\u0105 umiej\u0119tno\u015bci\u0105 s\u0142uchania.<br \/>\nW umiej\u0119tny spos\u00f3b przekazuje istotn\u0105 wiedz\u0119 o emocjach, uczuciach, stawianiu granic i mechanizmach dzia\u0142ania.<br \/>\nTerapia u pani Kasi pozwala rozkwitn\u0105\u0107 poczuciu w\u0142asnej warto\u015bci i nauczy\u0107 si\u0119 asertywno\u015bci.<br \/>\nDla mnie jedn\u0105 z najwa\u017cniejszych korzy\u015bci wyniesion\u0105 ze spotka\u0144 terapeutycznych jest odbudowanie w sobie autentyczno\u015bci oraz nauczenie si\u0119 \u017cy\u0107 realnie i w prawdzie, obalaj\u0105c tym samym \u017cycie w iluzji, udawaniu i zak\u0142amaniu.<br \/>\nWizyty u pani Kasi pobudzaj\u0105 do my\u015blenia, do szukania w sobie warto\u015bci, do odpowiedzi i konkluzji. Powodowa\u0142y one wewn\u0119trzn\u0105 walk\u0119, prac\u0119 nad sob\u0105, ale dawa\u0142y ukojenie, porz\u0105dkowa\u0142y i naprawia\u0142y to co tego wymaga\u0142o.<br \/>\nDzisiaj jestem w innym miejscu wdzi\u0119czna, \u017ce dane mi by\u0142o skorzysta\u0107 z tej terapii.<\/p>\n<p style=\"text-align: right;\"><em>Ewa<\/em><\/p>\n<p>&nbsp;<\/p>\n<p>Warsztaty z pani\u0105 Kasi\u0105 okre\u015blam jako bardzo pozytywne i inspiruj\u0105ce. W zaj\u0119ciach pomaga\u0142 mi jej spok\u00f3j, opanowanie i \u00a0to, \u017ce potrafi\u0142a dotrze\u0107 do ka\u017cdego zakamarka\u00a0 psychiki. Ceni\u0119 sobie jej kompetencje. Zdecydowanie i stanowczo\u015b\u0107 pomaga\u0142y mi bardzo w terapii. U\u015bwiadomi\u0142am sobie, \u017ce jestem prawdziw\u0105 kobiet\u0105. Jestem wdzi\u0119czna za to, \u017ce bra\u0142am udzia\u0142 w warsztacie.<\/p>\n<p style=\"text-align: right;\"><em>Anna<\/em><\/p>\n<p>&nbsp;<\/p>\n<p>Terapia u Pani Kasi pomog\u0142a mi odzyska\u0107 pozytywne my\u015blenie, spok\u00f3j ducha, pozwoli\u0142a mi \u017cy\u0107 na nowo.<\/p>\n<p style=\"text-align: right;\"><em>Basia<\/em><\/p>\n<p>&nbsp;<\/p>\n<p>Pani Kasia jest wspieraj\u0105ca, wzbudzaj\u0105ca poczucie bezpiecze\u0144stwa, potrafi\u0105ca zmotywowa\u0107 do zmiany.<\/p>\n<p style=\"text-align: right;\"><em>Grzegorz<\/em><\/p>\n<p>&nbsp;<\/p>\n<p>Terapeutka potrafi wychodzi\u0107 naprzeciw, wie o co pyta\u0107, by wydoby\u0107 to co mam g\u0142\u0119boko w sobie a czego nie u\u015bwiadamia\u0142am sobie wcze\u015bniej. Wprowadzi\u0142a \u00a0atmosfer\u0119 zaufania i harmonii na zaj\u0119ciach co by\u0142o dla mnie nieocenione. Z zaj\u0119\u0107 z \u00a0Pani\u0105 Kasi\u0105 wychodzi\u0142am mocniejsza.<\/p>\n<p style=\"text-align: right;\"><em>Beata<\/em><\/p>\n","protected":false},"excerpt":{"rendered":"<p>Na terapi\u0119 ucz\u0119szcza\u0142am przez 1,5 roku. Pani Kasia \u00a0prowadz\u0105c terapi\u0119 tworzy atmosfer\u0119 spokoju, empatii, zaufania i bezpiecze\u0144stwa. Wykazuje si\u0119 ona du\u017c\u0105 umiej\u0119tno\u015bci\u0105 s\u0142uchania. W umiej\u0119tny spos\u00f3b przekazuje istotn\u0105 wiedz\u0119 o emocjach, uczuciach, stawianiu granic i mechanizmach dzia\u0142ania. Terapia u pani Kasi pozwala rozkwitn\u0105\u0107 poczuciu w\u0142asnej warto\u015bci i nauczy\u0107 si\u0119 asertywno\u015bci. Dla mnie jedn\u0105 z najwa\u017cniejszych &hellip; <\/p>\n","protected":false},"author":1,"featured_media":0,"parent":0,"menu_order":0,"comment_status":"closed","ping_status":"closed","template":"","meta":{"footnotes":""},"class_list":["post-237","page","type-page","status-publish","hentry","grid-sizer"],"_links":{"self":[{"href":"https:\/\/dialog.bielsko.pl\/index.php\/wp-json\/wp\/v2\/pages\/237","targetHints":{"allow":["GET"]}}],"collection":[{"href":"https:\/\/dialog.bielsko.pl\/index.php\/wp-json\/wp\/v2\/pages"}],"about":[{"href":"https:\/\/dialog.bielsko.pl\/index.php\/wp-json\/wp\/v2\/types\/page"}],"author":[{"embeddable":true,"href":"https:\/\/dialog.bielsko.pl\/index.php\/wp-json\/wp\/v2\/users\/1"}],"replies":[{"embeddable":true,"href":"https:\/\/dialog.bielsko.pl\/index.php\/wp-json\/wp\/v2\/comments?post=237"}],"version-history":[{"count":1,"href":"https:\/\/dialog.bielsko.pl\/index.php\/wp-json\/wp\/v2\/pages\/237\/revisions"}],"predecessor-version":[{"id":238,"href":"https:\/\/dialog.bielsko.pl\/index.php\/wp-json\/wp\/v2\/pages\/237\/revisions\/238"}],"wp:attachment":[{"href":"https:\/\/dialog.bielsko.pl\/index.php\/wp-json\/wp\/v2\/media?parent=237"}],"curies":[{"name":"wp","href":"https:\/\/api.w.org\/{rel}","templated":true}]}}